{"id":297,"date":"2011-02-03T14:23:29","date_gmt":"2011-02-03T14:23:29","guid":{"rendered":"http:\/\/themetrust.com\/demos\/filtered\/?page_id=73"},"modified":"2019-01-14T09:27:19","modified_gmt":"2019-01-14T08:27:19","slug":"portfolio","status":"publish","type":"page","link":"https:\/\/evabutzkies.com\/","title":{"rendered":"Kost\u00fcmdesign"},"content":{"rendered":"<p lang=\"de-DE\">Kost\u00fcme helfen dem Publikum, in eine Welt einzutauchen und sie kennenzulernen.\u00a0Kost\u00fcme sind Teil der sinnlichen Wahrnehmung einer Auff\u00fchrung und wirken daher am besten in ihrem nat\u00fcrlichen Umfeld: vom Schauspieler oder der S\u00e4ngerin getragen, sich im B\u00fchnenlicht bewegend, untermalt vom Sound der Szene und vor allem \u201elive in action\u201c.<\/p>\n<p lang=\"de-DE\">Hier stelle ich ein paar meiner Arbeiten vor, mehr Infos und Bilder gibt&#8217;s beim Klick auf ein Projekt.<\/p>\n<p>Costumes help the audience to dive into a world and get to know it. Costumes are an essential part of the sensual perception of a performance and therefore work best in their natural environment: worn by the actor or singer, moving in the stage light, accompanied by the sound of the scene and above all &#8222;live in action&#8220;.<\/p>\n<p>Here I present some of my work, more info and pictures can be found by clicking on a project.<\/p>\n","protected":false},"excerpt":{"rendered":"<p>Kost\u00fcme helfen dem Publikum, in eine Welt einzutauchen und sie kennenzulernen.\u00a0Kost\u00fcme sind Teil der sinnlichen Wahrnehmung einer Auff\u00fchrung und wirken daher am besten in ihrem nat\u00fcrlichen Umfeld: vom Schauspieler oder der S\u00e4ngerin getragen, sich im B\u00fchnenlicht bewegend, untermalt vom Sound der Szene und vor allem \u201elive in action\u201c. Hier stelle ich ein paar meiner Arbeiten [&hellip;]<\/p>\n","protected":false},"author":1,"featured_media":0,"parent":0,"menu_order":0,"comment_status":"closed","ping_status":"closed","template":"portfolio.php","meta":{"footnotes":""},"class_list":["post-297","page","type-page","status-publish","hentry"],"_links":{"self":[{"href":"https:\/\/evabutzkies.com\/index.php?rest_route=\/wp\/v2\/pages\/297","targetHints":{"allow":["GET"]}}],"collection":[{"href":"https:\/\/evabutzkies.com\/index.php?rest_route=\/wp\/v2\/pages"}],"about":[{"href":"https:\/\/evabutzkies.com\/index.php?rest_route=\/wp\/v2\/types\/page"}],"author":[{"embeddable":true,"href":"https:\/\/evabutzkies.com\/index.php?rest_route=\/wp\/v2\/users\/1"}],"replies":[{"embeddable":true,"href":"https:\/\/evabutzkies.com\/index.php?rest_route=%2Fwp%2Fv2%2Fcomments&post=297"}],"version-history":[{"count":7,"href":"https:\/\/evabutzkies.com\/index.php?rest_route=\/wp\/v2\/pages\/297\/revisions"}],"predecessor-version":[{"id":1027,"href":"https:\/\/evabutzkies.com\/index.php?rest_route=\/wp\/v2\/pages\/297\/revisions\/1027"}],"wp:attachment":[{"href":"https:\/\/evabutzkies.com\/index.php?rest_route=%2Fwp%2Fv2%2Fmedia&parent=297"}],"curies":[{"name":"wp","href":"https:\/\/api.w.org\/{rel}","templated":true}]}}